
-54
In base 9, what is 3541 - -1?
3542
In base 14, what is 40c9 - -5?
40d0
In base 16, what is -77a - 5?
-77f
In base 13, what is -2 - -4c?
4a
In base 13, what is 1 + -37?
-36
In base 13, what is 18 + 8?
23
In base 3, what is 12 + -2?
10
In base 3, what is 1 - -102?
110
In base 13, what is 654 - b?
646
In base 4, what is -2 - 1112221?
-1112223
In base 11, what is 4 + 34?
38
In base 12, what is -15a1 - 2?
-15a3
In base 3, what is -1 + -101111?
-101112
In base 16, what is fc + 2?
fe
In base 7, what is -6 + -206?
-215
In base 3, what is 12 + 10?
22
In base 16, what is b3 - a?
a9
In base 7, what is 5160 + 5?
5165
In base 14, what is 5 + -186?
-181
In base 4, what is -11 - 1030?
-1101
In base 13, what is 2 + -ca?
-c8
In base 10, what is 0 + 53?
53
In base 12, what is -1a4 - 14?
-1b8
In base 12, what is 1b + b?
2a
In base 14, what is 8 + 58?
62
In base 2, what is 1 + 1001001?
1001010
In base 13, what is -11c8 - 6?
-1201
In base 7, what is -501 + -4?
-505
In base 16, what is 1bd + 0?
1bd
In base 13, what is -b - -373?
365
In base 11, what is -24 - 50?
-74
In base 12, what is -342 - -1?
-341
In base 14, what is -4358 - 0?
-4358
In base 13, what is -1 + 1256?
1255
In base 15, what is 2 - 23?
-21
In base 7, what is 4 - -243?
250
In base 4, what is 0 + -112?
-112
In base 2, what is 10 + 1000000?
1000010
In base 15, what is 2 + -c4?
-c2
In base 7, what is 1 + 112?
113
In base 12, what is -3 + 6ba?
6b7
In base 14, what is -7 + 268?
261
In base 6, what is -1 + 404?
403
In base 8, what is -136 - -43?
-73
In base 10, what is -1 + 71?
70
In base 7, what is 1 - -234?
235
In base 3, what is 2 + 2010?
2012
In base 14, what is -1 - 39a?
-39b
In base 10, what is -3 - -2595?
2592
In base 9, what is 23170 - -2?
23172
In base 12, what is -b2 - 2?
-b4
In base 16, what is -2b - 2?
-2d
In base 6, what is 442 + -12?
430
In base 2, what is 110010110 - -10?
110011000
In base 6, what is -10 + -35?
-45
In base 7, what is -10 + 3?
-4
In base 16, what is -30c + -4?
-310
In base 8, what is -364 + 0?
-364
In base 6, what is -341503 + -4?
-341511
In base 8, what is 2 - 201?
-177
In base 11, what is -2 - -95?
93
In base 2, what is 101111000000 - 1?
101110111111
In base 15, what is -63 - -2?
-61
In base 8, what is 4332 - 4?
4326
In base 6, what is -4200 - -5?
-4151
In base 2, what is -1101010010 - 0?
-1101010010
In base 8, what is -4 + 122?
116
In base 14, what is 1 - -149?
14a
In base 6, what is -30304 + -5?
-30313
In base 14, what is 3 + 62b?
630
In base 11, what is 311 - -2?
313
In base 5, what is -2 - 4?
-11
In base 12, what is -5 + 3ba?
3b5
In base 5, what is -1 + -13024?
-13030
In base 16, what is -b - -8?
-3
In base 13, what is 0 + 67?
67
In base 13, what is 326 - -5?
32b
In base 5, what is -4431 - 2?
-4433
In base 15, what is -5 - -3c?
37
In base 14, what is 2 + -39?
-37
In base 2, what is -111101101011 - 0?
-111101101011
In base 6, what is 44311 - 5?
44302
In base 5, what is 22 + -4?
13
In base 6, what is -15522 - 0?
-15522
In base 15, what is -344a + 3?
-3447
In base 2, what is -111 + -10100111?
-10101110
In base 16, what is -23 + 10?
-13
In base 7, what is 143 - -2?
145
In base 14, what is -7c - -2?
-7a
In base 15, what is -5 + d0e?
d09
In base 10, what is -4 + -921?
-925
In base 3, what is 2220222 + 11?
2221010
In base 5, what is -201012 + 0?
-201012
In base 4, what is 1021000 + 2?
1021002
In base 15, what is 2 - 27?
-25
In base 7, what is -2 + -402?
-404
In base 10, what is -16 - 601?
-617
In base 7, what is -430 - 1?
-431
In base 5, what is 21 - 20?
1
In base 13, what is -2 - -1b?
19
In base 4, what is 1 - -101?
102
In base 10, what is 17577 - 0?
17577
In base 11, what is -9996 - -1?
-9995
In base 15, what is -3 - -1e?
1b
In base 10, what is -1 - -1906?
1905
In base 12, what is 2 - -610?
612
In base 2, what is -1000000011011 - 100?
-1000000011111
In base 16, what is 166f + -2?
166d
In base 11, what is 21 - 17?
5
In base 4, what is 2222 + 3?
2231
In base 4, what is -3 - 120?
-123
In base 16, what is 1f + -8c?
-6d
In base 2, what is 101 + -11101000?
-11100011
In base 12, what is -548 - 5?
-551
In base 5, what is -14 - 0?
-14
In base 10, what is -724 - -1?
-723
In base 9, what is 3 - -26?
30
In base 15, what is -4 + 4?
0
In base 13, what is -277 + 4?
-273
In base 16, what is 5 + 20d?
212
In base 10, what is -4 + 40?
36
In base 4, what is 30221 + 0?
30221
In base 16, what is -2 + 40?
3e
In base 9, what is 5 - -3215?
3221
In base 10, what is 2043 + -5?
2038
In base 15, what is -566 - e?
-575
In base 9, what is -27 + -2?
-30
In base 9, what is -3 - -64?
61
In base 14, what is 4 + -a?
-6
In base 7, what is 0 + 634?
634
In base 4, what is -1 - 1113?
-1120
In base 8, what is 62 + -6?
54
In base 15, what is 8a - 1?
89
In base 6, what is 1002 - -1?
1003
In base 16, what is -5 + 242?
23d
In base 12, what is -1 - -2b05?
2b04
In base 10, what is 2367 + 0?
2367
In base 11, what is 379 + 3?
381
In base 9, what is 568 + -3?
565
In base 5, what is -441143 - -1?
-441142
In base 13, what is -5 - 66?
-6b
In base 2, what is -1000 - -11001?
10001
In base 8, what is 1575 + -4?
1571
In base 10, what is 34 - -16?
50
In base 2, what is -101000100 - -11?
-101000001
In base 2, what is 1110101101001 - 10?
1110101100111
In base 5, what is 0 + 1213?
1213
In base 12, what is 0 + 0?
0
In base 3, what is -201 + -21?
-222
In base 15, what is 35 - 5?
30
In base 8, what is -2 + -4410?
-4412
In base 15, what is 0 + 134d?
134d
In base 11, what is 29 - 95?
-67
In base 11, what is 860 - 2?
859
In base 7, what is 141 + -36?
102
In base 4, what is 3311 - 123?
3122
In base 6, what is -11 + 211?
200
In base 2, what is 11 - 10000101010?
-10000100111
In base 12, what is 7 + 181?
188
In base 5, what is -3003 + -3?
-3011
In base 2, what is 10011010 - 101100?
1101110
In base 14, what is 4 - 29?
-25
In base 11, what is 5 - 351?
-347
In base 4, what is -10212 + -3?
-10221
In base 8, what is 3 - 274?
-271
In base 11, what is -a + -36a?
-379
In base 11, what is a - -53?
62
In base 10, what is 219 + 5?
224
In base 8, what is 45 - -114?
161
In base 14, what is -4 - -c72?
c6c
In base 12, what is -1383 + 5?
-137a
In base 14, what is 8 + -91?
-87
In base 10, what is -4 - -36?
32
In base 10, what is 3 + -7?
-4
In base 12, what is 9 - 186?
-179
In base 15, what is -c6 + d?
-b8
In base 5, what is -2213 - -14?
-2144
In base 16, what is -18 - 9?
-21
In base 5, what is 214324 - 10?
214314
In base 8, what is -103 + -3?
-106
In base 8, what is -55 - 361?
-436
In base 9, what is -12846 - 1?
-12847
In base 6, what is 1 - 22?
-21
In base 12, what is 60 + 25?
85
In base 6, what is 153 - 5?
144
In base 11, what is 846 - -4?
84a
In base 2, what is -10100000 + 100?
-10011100
In base 10, what is -3 - 36?
-39
In base 12, what is -327 + 3?
-324
In base 11, what is -999 - -4?
-995
In base 13, what is 2 + 21?
23
In base 3, what is -1021121201 - -11?
-1021121120
In base 16, what is -170 - -e?
-162
In base 5, what is -322 + -123?
-1000
In base 14, what is -335 - -2?
-333
In base 4, what is -2203 - 1000?
-3203
In base 15, what is -5 - -3aa?
3a5
In base 9, what is -5104 + -5?
-5110
In base 3, what is 0 - 2000211?
-2000211
In base 10, what is -94 - -5?
-89
In base 5, what is -34420 - -10?
-34410
In base 12, what is -62 + 2?
-60
In base 6, what is 104 - 154?
-50
In base 4, what is -10 + 20?
10
In base 4, what is -1200 + -11?
-1211
In base 8, what is -1 - -225?
224
In base 16, what is 1 - 1c?
-1b
In base 5, what is -2 + 114?
112
In base 6, what is -4 - -454?
450
In base 13, what is -29 - -7?
-22
In base 13, what is 37 + 7?
41
In base 11, what is -2638 + 4?
-2634
In base 7, what is -321 + 4?
-314
In base 8, what is -223 - 4?
-227
In base 12, what is 2b - 38?
-9
In base 13, what is 2 - b?
-9
In base 6, what is 0 + 44?
44
In base 10, what is 1354 - -2?
1356
In base 14, what is 1 + 42c?
42d
In base 5, what is 114 + 1403?
2022
In base 12, what is -15 + -2b?
-44
In base 7, what is -13 - 534?
-550
In base 9, what is -5 - -4164?
4158
In base 7, what is -5 - -2256?
2251
In base 2, what is -100101 + -101001110?
-101110011
In base 13, what is -b8 + a?
-ab
In base 13, what is -386 - -4?
-382
In base 6, what is 224 - -25?
253
In base 6, what is -4 - 102?
-110
In base 13, what is -86 + -b?
-94
In base 4, what is -11 + -2033?
-2110
In base 12, what is -3 - 11a1?
